y 42.
6
What is the remainder when 776 is divided by 41?
38
What is the remainder when 44326 is divided by 12?
10
What is the remainder when 2582 is divided by 63?
62
Calculate the remainder when 654 is divided by 130.
4
Calculate the remainder when 88 is divided by 68.
20
What is the remainder when 433 is divided by 148?
137
What is the remainder when 142 is divided by 6?
4
Calculate the remainder when 287 is divided by 18.
17
What is the remainder when 641 is divided by 33?
14
What is the remainder when 67 is divided by 34?
33
Calculate the remainder when 82 is divided by 14.
12
Calculate the remainder when 1227 is divided by 22.
17
Calculate the remainder when 99 is divided by 68.
31
Calculate the remainder when 2132 is divided by 268.
256
What is the remainder when 1000 is divided by 163?
22
What is the remainder when 10261 is divided by 4?
1
Calculate the remainder when 9128 is divided by 16.
8
What is the remainder when 25238 is divided by 20?
18
Calculate the remainder when 733 is divided by 38.
11
What is the remainder when 111 is divided by 5?
1
What is the remainder when 171 is divided by 94?
77
Calculate the remainder when 3145 is divided by 66.
43
Calculate the remainder when 1233 is divided by 149.
41
Calculate the remainder when 2600 is divided by 79.
72
What is the remainder when 277 is divided by 7?
4
Calculate the remainder when 69 is divided by 37.
32
What is the remainder when 2615 is divided by 109?
108
Calculate the remainder when 334 is divided by 11.
4
Calculate the remainder when 125 is divided by 119.
6
What is the remainder when 1263 is divided by 10?
3
Calculate the remainder when 909 is divided by 27.
18
What is the remainder when 518 is divided by 56?
14
Calculate the remainder when 5244 is divided by 43.
41
What is the remainder when 4090 is divided by 117?
112
What is the remainder when 125 is divided by 38?
11
Calculate the remainder when 1303 is divided by 259.
8
What is the remainder when 552 is divided by 139?
135
What is the remainder when 629 is divided by 150?
29
What is the remainder when 232 is divided by 131?
101
Calculate the remainder when 2686 is divided by 32.
30
What is the remainder when 217 is divided by 100?
17
What is the remainder when 245 is divided by 13?
11
What is the remainder when 1929 is divided by 114?
105
Calculate the remainder when 429 is divided by 39.
0
Calculate the remainder when 494 is divided by 121.
10
What is the remainder when 3874 is divided by 12?
10
Calculate the remainder when 15698 is divided by 20.
18
Calculate the remainder when 1056 is divided by 272.
240
What is the remainder when 2658 is divided by 72?
66
Calculate the remainder when 354 is divided by 71.
70
What is the remainder when 171 is divided by 45?
36
Calculate the remainder when 424 is divided by 378.
46
Calculate the remainder when 33 is divided by 28.
5
Calculate the remainder when 201 is divided by 40.
1
Calculate the remainder when 2570 is divided by 9.
5
Calculate the remainder when 66 is divided by 3.
0
What is the remainder when 40 is divided by 22?
18
What is the remainder when 154 is divided by 26?
24
Calculate the remainder when 303 is divided by 77.
72
Calculate the remainder when 34 is divided by 6.
4
Calculate the remainder when 1023 is divided by 304.
111
Calculate the remainder when 750 is divided by 362.
26
What is the remainder when 243 is divided by 48?
3
What is the remainder when 1792 is divided by 46?
44
What is the remainder when 4414 is divided by 12?
10
What is the remainder when 668 is divided by 110?
8
Calculate the remainder when 1975 is divided by 86.
83
What is the remainder when 6904 is divided by 300?
4
Calculate the remainder when 329 is divided by 156.
17
What is the remainder when 368 is divided by 26?
4
What is the remainder when 8016 is divided by 11?
8
Calculate the remainder when 232 is divided by 15.
7
What is the remainder when 83 is divided by 42?
41
Calculate the remainder when 164 is divided by 25.
14
Calculate the remainder when 1027 is divided by 102.
7
What is the remainder when 104 is divided by 15?
14
Calculate the remainder when 2789 is divided by 5.
4
What is the remainder when 1091 is divided by 107?
21
What is the remainder when 87 is divided by 23?
18
What is the remainder when 417 is divided by 70?
67
Calculate the remainder when 356 is divided by 27.
5
What is the remainder when 5008 is divided by 19?
11
Calculate the remainder when 66 is divided by 12.
6
Calculate the remainder when 114 is divided by 45.
24
Calculate the remainder when 500 is divided by 247.
6
What is the remainder when 108 is divided by 43?
22
What is the remainder when 1767 is divided by 15?
12
Calculate the remainder when 430 is divided by 14.
10
What is the remainder when 95 is divided by 20?
15
Calculate the remainder when 865 is divided by 109.
102
What is the remainder when 610 is divided by 34?
32
What is the remainder when 392 is divided by 132?
128
What is the remainder when 164 is divided by 79?
6
What is the remainder when 34686 is divided by 128?
126
Calculate the remainder when 95 is divided by 52.
43
What is the remainder when 2868 is divided by 956?
0
Calculate the remainder when 584 is divided by 74.
66
What is the remainder when 160 is divided by 25?
10
What is the remainder when 141 is divided by 37?
30
Calculate the remainder when 5003 is divided by 36.
35
What is the remainder when 267 is divided by 72?
51
Calculate the remainder when 544 is divided by 535.
9
What is the remainder when 965 is divided by 35?
20
What is the remainder when 910 is divided by 27?
19
What is the remainder when 18745 is divided by 9367?
11
What is the remainder when 2289 is divided by 115?
104
Calculate the remainder when 255 is divided by 255.
0
What is the remainder when 48 is divided by 21?
6
Calculate the remainder when 442 is divided by 128.
58
Calculate the remainder when 897 is divided by 30.
27
Calculate the remainder when 346 is divided by 14.
10
Calculate the remainder when 175 is divided by 25.
0
What is the remainder when 135 is divided by 30?
15
Calculate the remainder when 134 is divided by 38.
20
What is the remainder when 548 is divided by 176?
20
Calculate the remainder when 169 is divided by 17.
16
Calculate the remainder when 1748 is divided by 110.
98
What is the remainder when 1594 is divided by 77?
54
Calculate the remainder when 99 is divided by 20.
19
Calculate the remainder when 3264 is divided by 142.
140
Calculate the remainder when 534 is divided by 12.
6
What is the remainder when 226 is divided by 31?
9
What is the remainder when 794 is divided by 54?
38
Calculate the remainder when 767 is divided by 254.
5
Calculate the remainder when 232 is divided by 26.
24
What is the remainder when 927 is divided by 58?
57
Calculate the remainder when 1793 is divided by 25.
18
What is the remainder when 62 is divided by 30?
2
Calculate the remainder when 7408 is divided by 78.
76
What is the remainder when 623 is divided by 29?
14
Calculate the remainder when 2504 is divided by 38.
34
Calculate the remainder when 1526 is divided by 155.
131
What is the remainder when 310 is divided by 100?
10
What is the remainder when 231 is divided by 111?
9
What is the remainder when 227 is divided by 6?
5
What is the remainder when 539 is divided by 273?
266
What is the remainder when 67 is divided by 10?
7
Calculate the remainder when 1110 is divided by 53.
50
Calculate the remainder when 366 is divided by 8.
6
What is the remainder when 633 is divided by 612?
21
What is the remainder when 5337 is divided by 15?
12
Calculate the remainder when 548 is divided by 19.
16
What is the remainder when 42 is divided by 27?
15
Calculate the remainder when 429 is divided by 8.
5
What is the remainder when 1294 is divided by 59?
55
What is the remainder when 402 is divided by 54?
24
Calculate the remainder when 30 is divided by 16.
14
Calculate the remainder when 2139 is divided by 126.
123
What is the remainder when 2319 is divided by 16?
15
Calculate the remainder when 3096 is divided by 97.
89
Calculate the remainder when 486 is divided by 5.
1
Calculate the remainder when 236 is divided by 135.
101
Calculate the remainder when 1448 is divided by 10.
8
Calculate the remainder when 32